{"id":29,"date":"2022-01-18T02:13:58","date_gmt":"2022-01-18T02:13:58","guid":{"rendered":"https:\/\/pogotowieprym.pl\/?page_id=29"},"modified":"2023-12-20T13:52:45","modified_gmt":"2023-12-20T13:52:45","slug":"glowna","status":"publish","type":"page","link":"https:\/\/pogotowieprym.pl\/","title":{"rendered":"Strona g\u0142\u00f3wna"},"content":{"rendered":"\n<div class=\"wp-block-cover alignfull is-style-default\" style=\"min-height:596px;aspect-ratio:unset;\"><span aria-hidden=\"true\" class=\"wp-block-cover__background has-background-dim\" style=\"background-color:#898999\"><\/span><img loading=\"lazy\" decoding=\"async\" width=\"2560\" height=\"1952\" class=\"wp-block-cover__image-background wp-image-53\" alt=\"\" src=\"https:\/\/pogotowieprym.pl\/wp-content\/uploads\/2022\/01\/sigmund-uS_MT4wUXf0-unsplash-1-scaled.jpg\" style=\"object-position:53% 53%\" data-object-fit=\"cover\" data-object-position=\"53% 53%\" srcset=\"https:\/\/pogotowieprym.pl\/wp-content\/uploads\/2022\/01\/sigmund-uS_MT4wUXf0-unsplash-1-scaled.jpg 2560w, https:\/\/pogotowieprym.pl\/wp-content\/uploads\/2022\/01\/sigmund-uS_MT4wUXf0-unsplash-1-300x229.jpg 300w, https:\/\/pogotowieprym.pl\/wp-content\/uploads\/2022\/01\/sigmund-uS_MT4wUXf0-unsplash-1-1024x781.jpg 1024w, https:\/\/pogotowieprym.pl\/wp-content\/uploads\/2022\/01\/sigmund-uS_MT4wUXf0-unsplash-1-768x585.jpg 768w, https:\/\/pogotowieprym.pl\/wp-content\/uploads\/2022\/01\/sigmund-uS_MT4wUXf0-unsplash-1-1536x1171.jpg 1536w, https:\/\/pogotowieprym.pl\/wp-content\/uploads\/2022\/01\/sigmund-uS_MT4wUXf0-unsplash-1-2048x1561.jpg 2048w, https:\/\/pogotowieprym.pl\/wp-content\/uploads\/2022\/01\/sigmund-uS_MT4wUXf0-unsplash-1-1568x1195.jpg 1568w\" sizes=\"auto, (max-width: 2560px) 100vw, 2560px\" \/><div class=\"wp-block-cover__inner-container is-layout-flow wp-block-cover-is-layout-flow\">\n<h1 class=\"alignfull has-text-align-center has-white-color has-text-color wp-block-heading\" style=\"line-height:1.5\">Obs\u0142uga techniczna nieruchomo\u015bci<\/h1>\n\n\n\n<p>Ca\u0142odobowe usuwanie awarii na instalacjach <strong>elektrycznych, hydraulicznych, kanalizacyjnych i centralnego ogrzewania<\/strong> <br>na cz\u0119\u015bciach wsp\u00f3lnych budynku.<\/p>\n\n\n\n<div class=\"wp-block-buttons alignfull is-horizontal is-content-justification-center is-layout-flex wp-container-core-buttons-is-layout-499968f5 wp-block-buttons-is-layout-flex\">\n<div class=\"wp-block-button has-custom-width wp-block-button__width-50\"><a class=\"wp-block-button__link\">Dla Administracji \/ Zarz\u0105dc\u00f3w<\/a><\/div>\n\n\n\n<div class=\"wp-block-button has-custom-width wp-block-button__width-50 is-style-fill\"><a class=\"wp-block-button__link\" href=\"https:\/\/pogotowieprym.pl\/?page_id=133\">Dla Lokator\u00f3w<\/a><\/div>\n<\/div>\n<\/div><\/div>\n\n\n\n<p><\/p>\n","protected":false},"excerpt":{"rendered":"","protected":false},"author":1,"featured_media":0,"parent":0,"menu_order":0,"comment_status":"closed","ping_status":"closed","template":"","meta":{"footnotes":""},"class_list":["post-29","page","type-page","status-publish","hentry","entry"],"featured_image_urls":{"full":"","thumbnail":"","medium":"","medium_large":"","large":"","1536x1536":"","2048x2048":"","post-thumbnail":""},"post_excerpt_stackable":"<p>Obs\u0142uga techniczna nieruchomo\u015bci Ca\u0142odobowe usuwanie awarii na instalacjach elektrycznych, hydraulicznych, kanalizacyjnych i centralnego ogrzewania na cz\u0119\u015bciach wsp\u00f3lnych budynku. Dla Administracji \/ Zarz\u0105dc\u00f3w Dla Lokator\u00f3w<\/p>\n","category_list":"","author_info":{"name":"admin","url":"https:\/\/pogotowieprym.pl\/?author=1"},"comments_num":"0 comments","yoast_head":"<!-- This site is optimized with the Yoast SEO plugin v22.2 - https:\/\/yoast.com\/wordpress\/plugins\/seo\/ -->\n<title>Pogotowie Mieszkaniowe PRYM | Elektryka - Hydraulika - Kanalizacja<\/title>\n<meta name=\"description\" content=\"obs\u0142uga techniczna nieruchomo\u015bci 24\/7 | elektryka, hydraulika, kanalizacja, centralne ogrzewanie | Wsp\u00f3lnoty, Sp\u00f3\u0142dzielnie, Budynki Prywatne\" \/>\n<meta name=\"robots\" content=\"index, follow, max-snippet:-1, max-image-preview:large, max-video-preview:-1\" \/>\n<link rel=\"canonical\" href=\"https:\/\/pogotowieprym.pl\/\" \/>\n<meta property=\"og:locale\" content=\"pl_PL\" \/>\n<meta property=\"og:type\" content=\"article\" \/>\n<meta property=\"og:title\" content=\"Pogotowie Mieszkaniowe PRYM | Elektryka - Hydraulika - Kanalizacja\" \/>\n<meta property=\"og:description\" content=\"obs\u0142uga techniczna nieruchomo\u015bci 24\/7 | elektryka, hydraulika, kanalizacja, centralne ogrzewanie | Wsp\u00f3lnoty, Sp\u00f3\u0142dzielnie, Budynki Prywatne\" \/>\n<meta property=\"og:url\" content=\"https:\/\/pogotowieprym.pl\/\" \/>\n<meta property=\"og:site_name\" content=\"Pogotowie Mieszkaniowe Prym\" \/>\n<meta property=\"article:modified_time\" content=\"2023-12-20T13:52:45+00:00\" \/>\n<meta property=\"og:image\" content=\"https:\/\/pogotowieprym.pl\/wp-content\/uploads\/2022\/01\/sigmund-uS_MT4wUXf0-unsplash-1-scaled.jpg\" \/>\n<meta name=\"twitter:card\" content=\"summary_large_image\" \/>\n<meta name=\"twitter:label1\" content=\"Szacowany czas czytania\" \/>\n\t<meta name=\"twitter:data1\" content=\"1 minuta\" \/>\n<script type=\"application\/ld+json\" class=\"yoast-schema-graph\">{\"@context\":\"https:\/\/schema.org\",\"@graph\":[{\"@type\":\"WebPage\",\"@id\":\"https:\/\/pogotowieprym.pl\/\",\"url\":\"https:\/\/pogotowieprym.pl\/\",\"name\":\"Pogotowie Mieszkaniowe PRYM | Elektryka - Hydraulika - Kanalizacja\",\"isPartOf\":{\"@id\":\"https:\/\/pogotowieprym.pl\/#website\"},\"primaryImageOfPage\":{\"@id\":\"https:\/\/pogotowieprym.pl\/#primaryimage\"},\"image\":{\"@id\":\"https:\/\/pogotowieprym.pl\/#primaryimage\"},\"thumbnailUrl\":\"https:\/\/pogotowieprym.pl\/wp-content\/uploads\/2022\/01\/sigmund-uS_MT4wUXf0-unsplash-1-scaled.jpg\",\"datePublished\":\"2022-01-18T02:13:58+00:00\",\"dateModified\":\"2023-12-20T13:52:45+00:00\",\"description\":\"obs\u0142uga techniczna nieruchomo\u015bci 24\/7 | elektryka, hydraulika, kanalizacja, centralne ogrzewanie | Wsp\u00f3lnoty, Sp\u00f3\u0142dzielnie, Budynki Prywatne\",\"breadcrumb\":{\"@id\":\"https:\/\/pogotowieprym.pl\/#breadcrumb\"},\"inLanguage\":\"pl-PL\",\"potentialAction\":[{\"@type\":\"ReadAction\",\"target\":[\"https:\/\/pogotowieprym.pl\/\"]}]},{\"@type\":\"ImageObject\",\"inLanguage\":\"pl-PL\",\"@id\":\"https:\/\/pogotowieprym.pl\/#primaryimage\",\"url\":\"https:\/\/pogotowieprym.pl\/wp-content\/uploads\/2022\/01\/sigmund-uS_MT4wUXf0-unsplash-1-scaled.jpg\",\"contentUrl\":\"https:\/\/pogotowieprym.pl\/wp-content\/uploads\/2022\/01\/sigmund-uS_MT4wUXf0-unsplash-1-scaled.jpg\",\"width\":2560,\"height\":1952},{\"@type\":\"BreadcrumbList\",\"@id\":\"https:\/\/pogotowieprym.pl\/#breadcrumb\",\"itemListElement\":[{\"@type\":\"ListItem\",\"position\":1,\"name\":\"Strona g\u0142\u00f3wna\",\"item\":\"https:\/\/pogotowieprym.pl\/\"},{\"@type\":\"ListItem\",\"position\":2,\"name\":\"Strona g\u0142\u00f3wna\"}]},{\"@type\":\"WebSite\",\"@id\":\"https:\/\/pogotowieprym.pl\/#website\",\"url\":\"https:\/\/pogotowieprym.pl\/\",\"name\":\"Pogotowie Mieszkaniowe Prym\",\"description\":\"\",\"potentialAction\":[{\"@type\":\"SearchAction\",\"target\":{\"@type\":\"EntryPoint\",\"urlTemplate\":\"https:\/\/pogotowieprym.pl\/?s={search_term_string}\"},\"query-input\":\"required name=search_term_string\"}],\"inLanguage\":\"pl-PL\"}]}<\/script>\n<!-- \/ Yoast SEO plugin. -->","yoast_head_json":{"title":"Pogotowie Mieszkaniowe PRYM | Elektryka - Hydraulika - Kanalizacja","description":"obs\u0142uga techniczna nieruchomo\u015bci 24\/7 | elektryka, hydraulika, kanalizacja, centralne ogrzewanie | Wsp\u00f3lnoty, Sp\u00f3\u0142dzielnie, Budynki Prywatne","robots":{"index":"index","follow":"follow","max-snippet":"max-snippet:-1","max-image-preview":"max-image-preview:large","max-video-preview":"max-video-preview:-1"},"canonical":"https:\/\/pogotowieprym.pl\/","og_locale":"pl_PL","og_type":"article","og_title":"Pogotowie Mieszkaniowe PRYM | Elektryka - Hydraulika - Kanalizacja","og_description":"obs\u0142uga techniczna nieruchomo\u015bci 24\/7 | elektryka, hydraulika, kanalizacja, centralne ogrzewanie | Wsp\u00f3lnoty, Sp\u00f3\u0142dzielnie, Budynki Prywatne","og_url":"https:\/\/pogotowieprym.pl\/","og_site_name":"Pogotowie Mieszkaniowe Prym","article_modified_time":"2023-12-20T13:52:45+00:00","og_image":[{"url":"https:\/\/pogotowieprym.pl\/wp-content\/uploads\/2022\/01\/sigmund-uS_MT4wUXf0-unsplash-1-scaled.jpg"}],"twitter_card":"summary_large_image","twitter_misc":{"Szacowany czas czytania":"1 minuta"},"schema":{"@context":"https:\/\/schema.org","@graph":[{"@type":"WebPage","@id":"https:\/\/pogotowieprym.pl\/","url":"https:\/\/pogotowieprym.pl\/","name":"Pogotowie Mieszkaniowe PRYM | Elektryka - Hydraulika - Kanalizacja","isPartOf":{"@id":"https:\/\/pogotowieprym.pl\/#website"},"primaryImageOfPage":{"@id":"https:\/\/pogotowieprym.pl\/#primaryimage"},"image":{"@id":"https:\/\/pogotowieprym.pl\/#primaryimage"},"thumbnailUrl":"https:\/\/pogotowieprym.pl\/wp-content\/uploads\/2022\/01\/sigmund-uS_MT4wUXf0-unsplash-1-scaled.jpg","datePublished":"2022-01-18T02:13:58+00:00","dateModified":"2023-12-20T13:52:45+00:00","description":"obs\u0142uga techniczna nieruchomo\u015bci 24\/7 | elektryka, hydraulika, kanalizacja, centralne ogrzewanie | Wsp\u00f3lnoty, Sp\u00f3\u0142dzielnie, Budynki Prywatne","breadcrumb":{"@id":"https:\/\/pogotowieprym.pl\/#breadcrumb"},"inLanguage":"pl-PL","potentialAction":[{"@type":"ReadAction","target":["https:\/\/pogotowieprym.pl\/"]}]},{"@type":"ImageObject","inLanguage":"pl-PL","@id":"https:\/\/pogotowieprym.pl\/#primaryimage","url":"https:\/\/pogotowieprym.pl\/wp-content\/uploads\/2022\/01\/sigmund-uS_MT4wUXf0-unsplash-1-scaled.jpg","contentUrl":"https:\/\/pogotowieprym.pl\/wp-content\/uploads\/2022\/01\/sigmund-uS_MT4wUXf0-unsplash-1-scaled.jpg","width":2560,"height":1952},{"@type":"BreadcrumbList","@id":"https:\/\/pogotowieprym.pl\/#breadcrumb","itemListElement":[{"@type":"ListItem","position":1,"name":"Strona g\u0142\u00f3wna","item":"https:\/\/pogotowieprym.pl\/"},{"@type":"ListItem","position":2,"name":"Strona g\u0142\u00f3wna"}]},{"@type":"WebSite","@id":"https:\/\/pogotowieprym.pl\/#website","url":"https:\/\/pogotowieprym.pl\/","name":"Pogotowie Mieszkaniowe Prym","description":"","potentialAction":[{"@type":"SearchAction","target":{"@type":"EntryPoint","urlTemplate":"https:\/\/pogotowieprym.pl\/?s={search_term_string}"},"query-input":"required name=search_term_string"}],"inLanguage":"pl-PL"}]}},"_links":{"self":[{"href":"https:\/\/pogotowieprym.pl\/index.php?rest_route=\/wp\/v2\/pages\/29","targetHints":{"allow":["GET"]}}],"collection":[{"href":"https:\/\/pogotowieprym.pl\/index.php?rest_route=\/wp\/v2\/pages"}],"about":[{"href":"https:\/\/pogotowieprym.pl\/index.php?rest_route=\/wp\/v2\/types\/page"}],"author":[{"embeddable":true,"href":"https:\/\/pogotowieprym.pl\/index.php?rest_route=\/wp\/v2\/users\/1"}],"replies":[{"embeddable":true,"href":"https:\/\/pogotowieprym.pl\/index.php?rest_route=%2Fwp%2Fv2%2Fcomments&post=29"}],"version-history":[{"count":13,"href":"https:\/\/pogotowieprym.pl\/index.php?rest_route=\/wp\/v2\/pages\/29\/revisions"}],"predecessor-version":[{"id":169,"href":"https:\/\/pogotowieprym.pl\/index.php?rest_route=\/wp\/v2\/pages\/29\/revisions\/169"}],"wp:attachment":[{"href":"https:\/\/pogotowieprym.pl\/index.php?rest_route=%2Fwp%2Fv2%2Fmedia&parent=29"}],"curies":[{"name":"wp","href":"https:\/\/api.w.org\/{rel}","templated":true}]}}